7*a + 5. Suppose -88 = -48*y + 46*y. Let m = y - 25. List the prime factors of x(m).
2, 3, 23
Let q(t) = -3*t**3 - 26*t**2 + 14*t - 42. What are the prime factors of q(-16)?
2, 2683
What are the prime factors of (1*(0 - -5))/(-1) + (1438 - -44)?
7, 211
Let g(d) = 337*d**2 - 106*d + 507. What are the prime factors of g(5)?
2, 4201
Let i = -120 - -123. Suppose g - 360 = -b, -5*b = -5*g + i*g + 741. List the prime factors of g.
3, 11
Let d = 124 - 119. Let u be 1453/d - (-2)/(-5)*-1. Suppose -5*h + u = 4*k, 3*k + 0*k - 210 = -h. List the prime factors of k.
3, 23
Suppose -n - 11 = 3*l, 10 = -3*l - 4*n - 7. What are the prime factors of 4 - l*(143 + 3)?
2, 13, 17
What are the prime factors of (-217455)/114*48/(-14)?
2, 3, 5, 109
Suppose -2*l - 3*l + 310 = 5*o, 184 = 3*l + 4*o. Let m = 61 - l. What are the prime factors of 3933/46 + m/(-2)?
3, 29
Let x = -4123 - -16339. What are the prime factors of x?
2, 3, 509
Suppose -153*f = -67080 - 517227. List the prime factors of f.
3, 19, 67
Let c = -9858 + 21744. List the prime factors of c.
2, 3, 7, 283
Let o be (-3)/8 + 78155/(-56). Let d = 1995 + o. What are the prime factors of d?
599
Let j = -117 - -202. Suppose -4*w - j = -3*f, -f - f + 90 = -4*w. Let x = 126 + w. What are the prime factors of x?
101
Let w(b) = 211*b**2 - 159*b + 1561. List the prime factors of w(13).
35153
Suppose 2*i - 2*h - 95174 = 0, -34*i + 30*i - 6*h = -190428. List the prime factors of i.
3, 5, 19, 167
Let x = 54895 + -42684. What are the prime factors of x?
12211
Let x(v) = 19*v - 83. Let f(b) = 2*b**2 + 9*b + 17. Let u be f(-2). Suppose u*z - 45 = 74. What are the prime factors of x(z)?
2, 3, 5
Let u = 14069 + -719. What are the prime factors of u?
2, 3, 5, 89
Suppose 61653 = 3*p - 3*f, -174*p + 176*p + 4*f - 41126 = 0. What are the prime factors of p?
5, 4111
Let i = 9 - 6. Let c(p) = 0 - 3 + i + 3*p + 3. List the prime factors of c(3).
2, 3
Suppose 7*f - 811 = -20. Suppose -4*b = s - 7*b - f, 0 = -2*s - 5*b + 182. List the prime factors of s.
101
Let d be ((-2)/1 - -3)*6. Let p be ((-27)/d + 3)/(12/32). List the prime factors of p*(-2 - -1 - 49/4).
53
Suppose -65*p + 92*p + 92*p - 9622578 = 0. List the prime factors of p.
2, 3, 13477
Let d(t) = 3*t + 83. Let c be d(0). Let m = -134 - c. Let h = 2 - m. List the prime factors of h.
3, 73
List the prime factors of 11471 - 0/2 - (105 - 111).
23, 499
Let a(x) = -x**3 - 2*x**2 + 4*x - 3. Let j be a(2). Let n(r) = -r**3 - 6*r**2 + 36*r - 3. What are the prime factors of n(j)?
2, 103
Suppose a = -8*x + 11*x - 21132, 2*a = 2*x - 14088. List the prime factors of x.
2, 3, 587
Let u(z) be the first derivative of 13*z**2 + 51*z + 81. List the prime factors of u(18).
3, 173
Suppose -3*c + 1 + 5 = 0. Suppose 5*s + 60 = 3*z, -4*s = -3*s - c*z + 12. What are the prime factors of ((-109)/(-3))/((-4)/s)?
109
Suppose 2*j - 99730 = -2*a, 3*a - 147673 - 1901 = 4*j. What are the prime factors of a?
2, 107, 233
Let n = -3293 - -3351. Let c = -29 + 16. Let k = c + n. List the prime factors of k.
3, 5
Let b = 111102 - 55154. List the prime factors of b.
2, 71, 197
Suppose 0 = 29*p - 42*p - 20111. List the prime factors of (p/(-39))/((-1)/(-3)).
7, 17
Suppose 84*m + 40188 = -81*m + 182*m. List the prime factors of m.
2, 3, 197
Let n(u) be the third derivative of u**5/60 + u**4/24 + 10*u**3/3 + 24*u**2. Suppose 0 = -2*j + 7*j + 3*x - 35, -j - 5 = 3*x. List the prime factors of n(j).
2, 5, 13
Let b be ((-8)/2)/(12/18). Let h(w) = -w**3 - 5*w**2 + 5*w - 2. Let j be h(b). Suppose j*i + 2*f + 116 = 444, 0 = -3*i - 5*f + 260. List the prime factors of i.
2, 5
Let i(w) = -w**2 + 3*w + 41. Let z be i(8). What are the prime factors of (z - 1)/(-1) - -1071?
3, 7, 17
Suppose -40 = -325*p + 315*p. Suppose 4*j = p*x - 2964, -4*x + 8*j + 2979 = 9*j. What are the prime factors of x?
2, 3, 31
Let r be 6*1/(-8)*-4. Let u be ((-1)/2)/(98/(-32) + r). List the prime factors of 5061/84 + 14/u + -1.
61
Let p(h) = 2*h + 20. Let l be p(-8). Suppose -l*q = 201 + 187. Let o = 284 + q. List the prime factors of o.
11, 17
Suppose -h + 84 = -8*h. Let j = -12 - h. Suppose 2988 = 18*m - j*m. What are the prime factors of m?
2, 83
Let w = 182 + -180. Let i(p) = 134*p**2 + 35*p - 66. List the prime factors of i(w).
2, 3, 5
Suppose -167 = 4*a - 183. List the prime factors of -623*(a - (-155)/(-35)).
3, 89
Suppose 0 = -3*o - g + 38, 4*g + 6 = 2. Suppose -k + o + 100 = 5*d, -3*k + 3*d = -249. Suppose 4*p - k = 264. List the prime factors of p.
2, 11
Let h(j) = -80*j + 1272. List the prime factors of h(-47).
2, 17, 37
Let g = 23752 + -12812. What are the prime factors of g?
2, 5, 547
List the prime factors of -141*(2658/(-18))/1.
47, 443
Suppose -4855*r + 2446*r - 433120 = -2425*r. What are the prime factors of r?
2, 5, 2707
Let d(o) = -52*o + 2. Let p be d(4). Let u(q) = 4*q - 198. Let s be u(21). Let i = s - p. What are the prime factors of i?
2, 23
Let r(m) = -m**2 + 4*m + 5. Let p be (-1 + 2)*(-4 + (4 - 1)). Let s be r(p). Suppose 2*w - 4*y + 191 = 5*w, s = -4*y - 16. What are the prime factors of w?
3, 23
Let p(m) = 11*m**2 - 7*m + 29. Let u be p(6). Let x = u + -223. What are the prime factors of x?
2, 5
Let p = -8 - 62. Let t = 77 + p. Suppose 5*r + 188 = t*r. List the prime factors of r.
2, 47
Let k = -2180 - -7474. What are the prime factors of k?
2, 2647
Let a(c) = 4*c**2 + 13*c - 31. Let o be (2 - -1)*(-12)/3. What are the prime factors of a(o)?
389
Suppose 6*n = 8*n + 2380. Let k = -646 - n. What are the prime factors of k?
2, 17
Let j(c) = 2*c**2 + 8*c - 35. Let g = -218 + 231. List the prime factors of j(g).
11, 37
Suppose 5*k - 9459 = -5*a - 1099, -2*k + 2*a = -3344. Suppose 7*x - 6000 = k. What are the prime factors of x?
2, 137
Let f = 2880 + -1148. List the prime factors of f.
2, 433
Let g(w) be the third derivative of -155*w**4/8 - 2*w**2 - w. List the prime factors of g(-1).
3, 5, 31
Let b = -26233 - -54674. What are the prime factors of b?
7, 17, 239
Let v be ((-88)/220)/((-2)/(-80)). Let n = -11 + 8. What are the prime factors of -2 - ((-36)/v + n)*132?
97
Let p(i) = -4301*i + 40. What are the prime factors of p(-3)?
7, 43
Let g be (10/(-1)*-1)/2. Let y(s) = s**3 - 5*s**2 + 6*s - 6. Let k be y(4). Suppose -u + 73 = -k*x, 0 = -g*u + 4*x + 226 + 157. What are the prime factors of u?
79
Suppose 5*x + 5*a = 200, -5*a - 60 = -2*x - 8. Let r = 64 - x. Suppose w = 3*w - r. List the prime factors of w.
2, 7
Let d(w) = 2*w**3 - 6*w**2 + 11*w - 7. Let x be d(4). Let a = 64 - x. Let m(z) = -8*z + 25. What are the prime factors of m(a)?
5, 13
Suppose -3*x + 214800 = 4*k - 7*x, 6*x + 53660 = k. What are the prime factors of k?
2, 29, 463
Suppose 4*y - 15*j - 13632 = -25*j, -3408 = -y - j. What are the prime factors of y?
2, 3, 71
Suppose 210897 = 433*v - 419*v - 395051. List the prime factors of v.
2, 17, 19, 67
Let h = 16588 - 6270. List the prime factors of h/56 + (-1)/4.
2, 23
Let h(a) = 176*a + 13 + 2*a**2 - 181*a + 13. What are the prime factors of h(11)?
3, 71
Let m(t) = 0*t - 9*t**2 + t**3 - 6*t - 7 - 2*t**3 + 0. Let c be m(-9). Suppose 2*b = -0*b - h + 82, 2*h - c = -b. List the prime factors of b.
3, 13
Let n be (-3 - 1) + (-16)/(-4). Suppose n = 9*u - 12*u + 12. Suppose -4*k = 0, -68 = -t + u*k + k. What are the prime factors of t?
2, 17
Let d = 3036 - -4625. What are the prime factors of d?
47, 163
Let r(p) = -564*p - 1123. List the prime factors of r(-10).
4517
Suppose 0 = -5*x + 20, 3*c + 5*x = 2*c + 22. Suppose 2*a - c*s - 128 = 1876, 4*a = -s + 3998. List the prime factors of a.
2, 5
Suppose 2*y = -5*b + 443, 2*b - y + 89 = 268. Let p = 146 + -94. Let r = b - p. What are the prime factors of r?
37
Let s = 13200 - 12485. List the prime factors of s.
5, 11, 13
Let s(a) = 141*a**2 + 8*a + 258. What are the prime factors of s(-13)?
29, 827
Suppose 5*d = -2*g - 53, -2*g + 0*g - 4*d - 54 = 0. Let f = 24 + g. What are the prime factors of ((-348)/(-9) + f)*(-3)/(-1)?
101
Let w be (0 + (-14)/4)/(4/(-104)). Let t = 852 - w. List the prime factors of t.
761
Let t(b) = -b**3 - 6*b**2 + b + 12. Let n be t(-6). Let s be (-56)/((2/n)/(3/9)). Let c = -19 - s. List the prime factors of c.
37
Let s(w) = -3*w**3 - 8*w**2 + w - 7. Let i be s(-3). List the prime factors of (3 - 1)/(i/(-309)).
2, 3, 103
Let c(v) be the second 